n base 5, what is -24 - -2001?
1422
In base 11, what is a0 - 4?
97
In base 10, what is -3 - -247?
244
In base 9, what is -2 - -11302?
11300
In base 6, what is 15000 + 2?
15002
In base 14, what is -802 - -5?
-7db
In base 16, what is -33 - 12?
-45
In base 7, what is -1 - -2215?
2214
In base 2, what is 110101 + 10?
110111
In base 14, what is -5 + -c7?
-cc
In base 9, what is 114 - 2?
112
In base 8, what is 0 - 26?
-26
In base 11, what is -4 - -77?
73
In base 12, what is -12b + -5?
-134
In base 16, what is 6f - -24?
93
In base 9, what is -342 + 2?
-340
In base 10, what is 7662 + -1?
7661
In base 4, what is -11 + -1000?
-1011
In base 12, what is 6 + -42?
-38
In base 6, what is 2222 + -22?
2200
In base 5, what is 41 - 30?
11
In base 6, what is 200 - 500?
-300
In base 3, what is 2210 + 100?
10010
In base 4, what is 23 + -12121?
-12032
In base 6, what is -1421 - -1?
-1420
In base 6, what is -4 - 241?
-245
In base 15, what is 1cd - b?
1c2
In base 7, what is -40 + 45?
5
In base 12, what is 0 - 205?
-205
In base 16, what is -1 - 37?
-38
In base 5, what is 1 - 143?
-142
In base 7, what is 3630 + -2?
3625
In base 9, what is -4 - -80?
75
In base 14, what is -1 + 96?
95
In base 10, what is -425 + -5?
-430
In base 6, what is 2 + 1051?
1053
In base 15, what is -364 - 4?
-368
In base 14, what is -3 + 3d?
3a
In base 13, what is -503b - -3?
-5038
In base 12, what is 25 + -6?
1b
In base 12, what is 543 + 4?
547
In base 10, what is 177 + 57?
234
In base 10, what is 145 - 3?
142
In base 10, what is 11 - -81?
92
In base 14, what is -c6 + -5?
-cb
In base 9, what is 4 + 774?
778
In base 12, what is -9 + -b?
-18
In base 6, what is -15 + -1?
-20
In base 4, what is -11 + -23?
-100
In base 9, what is -12 - 3?
-15
In base 9, what is 4538 + 3?
4542
In base 8, what is -372 - 4?
-376
In base 3, what is 221 - 12112?
-11121
In base 2, what is -1101 - -1001?
-100
In base 4, what is 2332 + -23?
2303
In base 5, what is -1 + 3420?
3414
In base 13, what is 27 + -c0?
-96
In base 15, what is -934 + 3?
-931
In base 11, what is 2 - -503?
505
In base 8, what is -3 - 325?
-330
In base 5, what is -11 - -342?
331
In base 3, what is 11122 - 10?
11112
In base 4, what is -10 - -301?
231
In base 3, what is 0 - 121?
-121
In base 11, what is 1 - -438?
439
In base 7, what is 45 + 265?
343
In base 4, what is 1030 + -11?
1013
In base 9, what is 2 + -1878?
-1876
In base 3, what is 1210 - -1?
1211
In base 11, what is 90a3 - 2?
90a1
In base 15, what is 1 - 6?
-5
In base 13, what is -458 - -2?
-456
In base 10, what is 953 - -4?
957
In base 9, what is -11 - -88?
77
In base 3, what is 0 + 120?
120
In base 15, what is 5 - -4?
9
In base 16, what is -67 - 2?
-69
In base 3, what is -1110000 - 20?
-1110020
In base 4, what is -1233 + -120?
-2013
In base 9, what is -4 + -57?
-62
In base 14, what is -114 + -2?
-116
In base 16, what is -153c + -5?
-1541
In base 3, what is 120 - -10?
200
In base 6, what is -31 - -53?
22
In base 4, what is -1220 - 22?
-1302
In base 9, what is -8 - 386?
-405
In base 16, what is -2 + 266?
264
In base 6, what is 5044 - 1?
5043
In base 6, what is -245143 + 1?
-245142
In base 4, what is 2313 + 33?
3012
In base 4, what is -101 - 111?
-212
In base 6, what is -43 + -20?
-103
In base 10, what is 0 - -35?
35
In base 6, what is 2 - -31540?
31542
In base 13, what is 381c - 4?
3818
In base 15, what is d0 + -1?
ce
In base 3, what is 20 + -110?
-20
In base 5, what is 3 + 124?
132
In base 11, what is -412 - 2?
-414
In base 15, what is 3 - -16?
19
In base 4, what is -1200 + -2?
-1202
In base 10, what is -2 - 1217?
-1219
In base 16, what is 3 + -1a7?
-1a4
In base 12, what is -475 - 5?
-47a
In base 6, what is 1023 + -31?
552
In base 3, what is -20010 + 1?
-20002
In base 11, what is -6 + 4?
-2
In base 8, what is 3 - 205?
-202
In base 11, what is -48a + -3?
-492
In base 12, what is -10 + 8b?
7b
In base 14, what is b + -74?
-67
In base 4, what is 1 + 132?
133
In base 12, what is 26b4 + 2?
26b6
In base 3, what is -20 - -102101?
102011
In base 7, what is 4 - 66?
-62
In base 9, what is -18 - -205?
176
In base 7, what is -12044 - 3?
-12050
In base 2, what is -110111 - 0?
-110111
In base 2, what is -1011 + 1011?
0
In base 16, what is -2 - 0?
-2
In base 8, what is 0 - 34?
-34
In base 5, what is -3 + -2103?
-2111
In base 14, what is 3 + -280?
-27b
In base 16, what is 9 - 1c2?
-1b9
In base 10, what is -2 - 1032?
-1034
In base 15, what is -125e + -5?
-1264
In base 11, what is 854 - -5?
859
In base 5, what is -4 + 22414?
22410
In base 8, what is -13 - 3?
-16
In base 16, what is 1 - -2d7?
2d8
In base 11, what is -5 - 1?
-6
In base 3, what is -10120 - -10010?
-110
In base 16, what is -93e + -2?
-940
In base 9, what is -160 - -48?
-111
In base 13, what is a + 7?
14
In base 15, what is 3 + 2a?
2d
In base 15, what is 44 - e?
35
In base 10, what is 618 - 2?
616
In base 10, what is 13019 + -1?
13018
In base 4, what is 10 + -212?
-202
In base 4, what is -2 - -3312?
3310
In base 16, what is -533 + -4?
-537
In base 11, what is -2 - -930?
929
In base 15, what is 1515 + -5?
1510
In base 13, what is -5 + -7?
-c
In base 10, what is 1257 + -8?
1249
In base 7, what is 5 + 12064?
12102
In base 9, what is -1171 - 0?
-1171
In base 9, what is 412 - 14?
387
In base 3, what is 121 - 20?
101
In base 7, what is -6 - 3020?
-3026
In base 8, what is -2 - -50?
46
In base 6, what is 5 + -1502?
-1453
In base 3, what is 1012000201 - 0?
1012000201
In base 15, what is 3 + 6e5?
6e8
In base 11, what is -2617 + -5?
-2621
In base 4, what is 1 - 1?
0
In base 9, what is 3 - 357?
-354
In base 10, what is -30 + 1?
-29
In base 2, what is -11101 - -101?
-11000
In base 2, what is -10000100111 - -101?
-10000100010
In base 8, what is -3 - 127?
-132
In base 12, what is 430 - 2?
42a
In base 12, what is -4 + ab4?
ab0
In base 13, what is 40 + -64?
-24
In base 2, what is 1110110100110 + -100?
1110110100010
In base 15, what is -4 - -726?
722
In base 16, what is 35 + 3?
38
In base 10, what is 4 - 6?
-2
In base 15, what is 20 - -3?
23
In base 3, what is 10120 - -110?
11000
In base 8, what is 5 - 43?
-36
In base 13, what is 6c3 - 3?
6c0
In base 11, what is -50 + -2?
-52
In base 2, what is 110001 - -10?
110011
In base 9, what is -2248 + -3?
-2252
In base 4, what is -2 + -21333?
-22001
In base 14, what is -15 + -156?
-16b
In base 7, what is 25 - 32?
-4
In base 12, what is -1 - 5?
-6
In base 16, what is -43 + 2?
-41
In base 14, what is 7d - 17?
66
In base 2, what is 1100 - -101?
10001
In base 3, what is 2 - 102012?
-102010
In base 15, what is 9 + -7c5?
-7bb
In base 7, what is 0 - 556?
-556
In base 11, what is -117 + -4?
-120
In base 5, what is -10 - -34441?
34431
In base 6, what is 1015 + 34?
1053
In base 4, what is 221 - -2030?
2311
In base 12, what is -57 + 1a?
-39
In base 12, what is 3 - 0?
3
In base 5, what is -4 + 1?
-3
In base 9, what is 161 + 0?
161
In base 14, what is -5 + 2?
-3
In base 13, what is 8 - -39?
44
In base 3, what is -212 + -2201?
-10120
In base 9, what is 388 + 18?
417
In base 12, what is 1 - -291?
292
In base 3, what is -1021 + 1011?
-10
In base 2, what is 100 - -10100?
11000
In base 2, what is -101 - 1001000?
-1001101
In base 4, what is -113 + 233?
120
In base 10, what is 5464 + -2?
5462
In base 15, what is -1 - -e12?
e11
In base 8, what is -22 + 1?
-21
In base 5, what is -1 + 123?
122
In base 6, what is 2 + 125?
131
In base 6, what is 2315 - 3?
2312
In base 4, what is 2022 - 10?
2012
In base 11, what is 4 - 7a?
-76
In base 3, what is -10022 - -12?
-10010
In base 3, what is 200 + 110112?
111012
In base 13, what is -28 + -17?
-42
In base 4, what is -1 - -330232?
330231
In base 11, what is 1 - 2a?
-29
In base 14, what is 174 - -6?
17a
In base 7, what is -4 - 15016?
-15023
In base 10, what is -2 - -28?
26
In base 3, what is 21 + 1120?
1211
In base 2, what is 11100100101 - -100?
11100101001
In base 3, what is 22 + 101?
200
In base 15, what is 3 + 1b?
1e
In base 12, what is 22 - -412?
434
In base 11, what is -2744 - 4?
-2748
In base 11, what is -9 + 21?
13
In base 16, what is -15 + 1b0?
19b
In base 2, what is -10100010011 + 0?
-10100010011
In base 6, what is -1442 - 1?
-1443
In base 15, what is -61 + -e?
-70
In base 9, what is 4 - -4?
8
In base 10, what is 5 + 390?
395
In base 6, what is -1403 + 4?
-1355
In base 2, what is 111011110111 + -101?
111011